2, what is -8271 - 7167?
-13418
In base 10, what is -8524737 - 6?
-8524743
In base 12, what is 472166 + -a?
472158
In base 7, what is 1643 - -411314?
413260
In base 5, what is 43022411 + -13404?
43004002
In base 9, what is -4 - -10822772?
10822767
In base 16, what is 56dc - -2c1?
599d
In base 13, what is 1a6c - -14120?
15b8c
In base 12, what is 5799 + -1781?
4018
In base 3, what is -10102 + -100020101020110?
-100020101100212
In base 10, what is -6046 + -2228?
-8274
In base 9, what is 2 + -11374637?
-11374635
In base 3, what is -1 - 120202010122111?
-120202010122112
In base 5, what is 3 - -221143102?
221143110
In base 5, what is 21434122 + 1112?
21440234
In base 15, what is -bb0e8 - -202?
-bade6
In base 12, what is 229 - -1b850?
1ba79
In base 8, what is 562233 + -15705?
544326
In base 8, what is -20 - 12450777?
-12451017
In base 10, what is 213161 - 112?
213049
In base 14, what is 1 - ac0c506?
-ac0c505
In base 14, what is d74d1 + 245?
d7736
In base 13, what is 16921 + c?
16930
In base 13, what is 1 - 572138?
-572137
In base 12, what is -29048 - -122?
-28b26
In base 15, what is 14989c95 - 2?
14989c93
In base 10, what is 44358 - -3299?
47657
In base 7, what is -1244 + 23233?
21656
In base 11, what is 0 + -97598939?
-97598939
In base 3, what is -11 - -11111222202000111?
11111222202000100
In base 4, what is -10130 + 10013212?
10003022
In base 8, what is 5370123 + -4?
5370117
In base 16, what is 1628b + -80?
1620b
In base 8, what is -553504 - -53?
-553431
In base 9, what is 0 + 8321561?
8321561
In base 7, what is -103 + 101205?
101102
In base 6, what is -30414014 - 14?
-30414032
In base 10, what is 9716 + 979?
10695
In base 12, what is -159148a0 + 5?
-15914897
In base 8, what is 0 - 1613720655?
-1613720655
In base 10, what is -5 - 2292935?
-2292940
In base 6, what is -124 + 3251540?
3251412
In base 3, what is 110221010002 - -10211?
110221020220
In base 10, what is -3438574 + 24?
-3438550
In base 13, what is -3 + 24b31b6?
24b31b3
In base 10, what is -5844 + 4197?
-1647
In base 12, what is -13ba + -1579?
-2977
In base 12, what is 19019704 + -1?
19019703
In base 15, what is 0 + 27d8e2?
27d8e2
In base 5, what is -4 + -1011201030?
-1011201034
In base 4, what is -11202 - 121130021?
-121201223
In base 3, what is 10020101001202110 - 111?
10020101001201222
In base 6, what is 33013404314 + 3?
33013404321
In base 5, what is -1112 + 1443213413?
1443212301
In base 10, what is -83 - 72087?
-72170
In base 4, what is -13000310 - 331?
-13001301
In base 14, what is -bd - 187a?
-1959
In base 13, what is -11499 - 6c9?
-11b95
In base 9, what is -367737 - 1053?
-368801
In base 5, what is -1010133032 - 32?
-1010133114
In base 4, what is -11122 - 100122010?
-100133132
In base 11, what is 7 - -936a732?
936a739
In base 6, what is 342 - -13034113?
13034455
In base 5, what is 1321130 - -41041?
1412221
In base 5, what is 4 + 14443441342?
14443441401
In base 8, what is 7376423 + 115?
7376540
In base 16, what is 23b8b74e + -4?
23b8b74a
In base 3, what is -2122220 + -12200221?
-22100211
In base 14, what is 23 + -35bbd?
-35b9a
In base 10, what is 567 - 1101748?
-1101181
In base 15, what is 1cc + eb00b?
eb1d8
In base 14, what is 387d - 3ad?
34b0
In base 10, what is -2231781 - -106?
-2231675
In base 10, what is -13285 + -1950?
-15235
In base 15, what is 2 + -3362c9?
-3362c7
In base 7, what is -15504 - -456?
-15015
In base 15, what is -2 + -304d1?
-304d3
In base 7, what is 2 + -42300651?
-42300646
In base 14, what is -8c29b - 29b?
-8c558
In base 7, what is 21232 + -12401?
5531
In base 9, what is -138121882 + 14?
-138121867
In base 8, what is -322711 - -752?
-321737
In base 15, what is -e51 - -523a0?
5144e
In base 14, what is -11570 - 8a?
-1161a
In base 13, what is 1 + -11c6b81?
-11c6b80
In base 10, what is 64637 - -77?
64714
In base 4, what is 1111 + 332023332?
332031103
In base 12, what is 76 - -1302?
1378
In base 14, what is -7960 - -382?
-75bc
In base 10, what is 10488 + -9067?
1421
In base 14, what is -663186 - 64?
-66320a
In base 2, what is -101010101111100111011011010 + 0?
-101010101111100111011011010
In base 2, what is -111011011 - -100001011010110000?
100001010011010101
In base 11, what is -39714 - -8a25?
-3079a
In base 4, what is 3022310 - -101203?
3130113
In base 15, what is 4 + 30da5cb?
30da5d0
In base 13, what is -26cab346 + -4?
-26cab34a
In base 2, what is 1000011101000000000001001 - 10?
1000011101000000000000111
In base 3, what is -2120122202 + 1121?
-2120121011
In base 9, what is 0 - 37123207?
-37123207
In base 9, what is -14450 + -285?
-14745
In base 15, what is 4 + 95440c7?
95440cb
In base 12, what is 9835a4 + 7b?
983663
In base 8, what is -2172 + 1122?
-1050
In base 6, what is 15 - -40400255?
40400314
In base 13, what is -1b5 + 15324b?
153066
In base 2, what is -11101010010111100 - -11111?
-11101010010011101
In base 5, what is 2124411 + -131334?
1443022
In base 13, what is 6cb58 + -45a?
6c6cb
In base 5, what is -1431000021 - 1?
-1431000022
In base 13, what is -bab + 47a7?
38c9
In base 8, what is -15053 + 1043?
-14010
In base 10, what is -529 - -31916?
31387
In base 11, what is -162554 - 2a?
-162583
In base 14, what is -1574 + -16a5d?
-181d3
In base 8, what is -104 - 3033721?
-3034025
In base 2, what is -11001 + 110010101110101001000?
110010101110100101111
In base 7, what is 1261520 - -5155?
1300005
In base 14, what is -9 + 6da4b48?
6da4b3d
In base 15, what is 3 + -11ec560?
-11ec55c
In base 13, what is 2714b + -70?
270ab
In base 11, what is 10578822 - -3?
10578825
In base 13, what is -5 - 11c51c7?
-11c51cc
In base 7, what is 35 - 10051025?
-10050660
In base 4, what is -101321101 - -202?
-101320233
In base 3, what is 21012202 - -10201121?
101221100
In base 5, what is -2 + 21133022410?
21133022403
In base 2, what is 10001 + 101001001101111100000110?
101001001101111100010111
In base 7, what is 10432244 + 323?
10432600
In base 2, what is 1111001000110 - -1011000110101?
11010001111011
In base 7, what is 32316455 - 144?
32316311
In base 9, what is 350080 + -143?
348836
In base 14, what is -750cd5 - -4?
-750cd1
In base 4, what is -3002102 - -3122?
-2332320
In base 3, what is 21121 + -211022020122?
-211021222001
In base 5, what is -102422 - 12124?
-120101
In base 3, what is 11111022112022 + -11?
11111022112011
In base 11, what is -10a + 988053?
987a44
In base 13, what is -879 + 58389?
57810
In base 9, what is 4124 - 44453?
-40328
In base 3, what is 211020100 + 20220?
211111020
In base 2, what is -1110111010110001111 - -1110010100?
-1110111000111111011
In base 4, what is -110 - 2232012122?
-2232012232
In base 4, what is -10 + 33323112203?
33323112133
In base 7, what is -5320210600 + 2?
-5320210565
In base 8, what is 1 + 3344306?
3344307
In base 9, what is 3043764604 + 0?
3043764604
In base 2, what is 0 + -10101010000100000110100001?
-10101010000100000110100001
In base 5, what is -12203230100 + 13?
-12203230032
In base 6, what is -42435104 - -3?
-42435101
In base 11, what is 2478a8 - -670?
248468
In base 15, what is 13c12c8 + a?
13c12d3
In base 9, what is 530162 + 1?
530163
In base 5, what is -141423102112 - 1?
-141423102113
In base 12, what is 143b156 + -3?
143b153
In base 15, what is 0 - -1c5067c?
1c5067c
In base 8, what is -56255 - 562?
-57037
In base 15, what is 246c4 + 864?
25038
In base 9, what is 17 - -28457104?
28457122
In base 15, what is -3730 + 38e?
-3391
In base 7, what is -600544 + -43?
-600620
In base 10, what is 713 + -3419?
-2706
In base 13, what is -132c20 + -19?
-132c39
In base 14, what is 13843 + -5a?
137c7
In base 16, what is 4 - -258c38?
258c3c
In base 9, what is -80266 + 701?
-78465
In base 14, what is -a5 + -783cc2?
-783d87
In base 6, what is 224 - -423145?
423413
In base 6, what is 50443 + -103340?
-12453
In base 14, what is -75 + -1dc721?
-1dc796
In base 15, what is 468c - -4a8?
4b45
In base 4, what is -3231201130 + -121?
-3231201311
In base 10, what is 35 + -13143130?
-13143095
In base 14, what is -1909 - 57d?
-2088
In base 12, what is 2605439a5 + -1?
2605439a4
In base 9, what is -47285 - -65?
-47220
In base 8, what is -221565 + 304?
-221261
In base 10, what is 81596792 + -4?
81596788
In base 14, what is c6100b - 4?
c61007
In base 6, what is -30312035 + 2301?
-30305334
In base 12, what is 25079b0 - 76?
2507936
In base 12, what is -2468238 - -3?
-2